).
238
Let v(k) = 7*k**2 - 3*k - 34. Determine v(6).
200
Let j(p) = p**3 - 6*p**2 - 13*p - 12. What is j(8)?
12
Let k(l) = 15935*l + 239029. Give k(-15).
4
Let r(s) = -212*s + 1490. Give r(7).
6
Let x(b) = b**2 + 5*b - 82. Give x(6).
-16
Let u(g) = 690*g + 20020. What is u(-29)?
10
Let f(t) = -90*t - 2064. What is f(-25)?
186
Let r(i) = -i**3 - 66*i**2 + 1224*i + 716. What is r(-81)?
-13
Let s(y) = -49*y**2 - 2302*y + 54. Determine s(-47).
7
Let w(z) = 19*z**2 - 359*z - 46. What is w(19)?
-8
Let j(n) = 144*n - 2410. Determine j(17).
38
Let i(f) = -3*f**2 + 459*f - 886. What is i(151)?
20
Let m(y) = 2*y**2 + 7*y - 6. Give m(-10).
124
Let d(u) = u**3 + u**2 - 29*u - 120. Determine d(-4).
-52
Let n(h) = -179*h + 2454. Determine n(13).
127
Let n(h) = -h**2 - 9*h + 32. Determine n(-9).
32
Let t(l) = -7*l + 86. Calculate t(-8).
142
Let a(b) = -b**3 + 25*b**2 - 58*b - 179. Give a(22).
-3
Let c(f) = -f**2 + 21*f + 39. Calculate c(26).
-91
Let a(t) = 57*t + 761. Give a(-9).
248
Let u(c) = -8*c**2 - 37*c + 1. Determine u(-2).
43
Let t(y) = -124*y + 9638. What is t(78)?
-34
Let u(g) = 244*g - 4154. Calculate u(17).
-6
Let z(s) = -4*s**3 + 56*s**2 + 3*s + 48. Give z(14).
90
Let c(t) = 6170*t - 135735. What is c(22)?
5
Let t(s) = s + 80. Give t(-69).
11
Let s(q) = 39*q**2 + 12*q + 13. Calculate s(-1).
40
Let g(n) = -325*n**2 - 1319*n - 3. Calculate g(-4).
73
Let h(p) = 2*p + 137. Give h(-39).
59
Let x(h) = -h**3 + 9*h**2 + 26*h - 14. Determine x(9).
220
Let g(q) = -49*q + 2714. Calculate g(55).
19
Let a(o) = -63*o**2 + 168. Calculate a(0).
168
Let a(i) = -i**3 + 22*i**2 - 19*i - 47. Determine a(21).
-5
Let v(t) = -148*t - 36704. Give v(-248).
0
Let x(t) = -11*t + 151. Give x(9).
52
Let r(i) = -4*i**2 - 47*i + 423. Determine r(6).
-3
Let i(w) = 156*w - 338. Give i(6).
598
Let m(h) = 3*h**2 - h + 21. Calculate m(-3).
51
Let c(j) = 190*j**2 + 1710*j - 4. What is c(-9)?
-4
Let m(w) = -5*w**3 + 9*w**2 + 22*w - 9. Give m(-3).
141
Let q(i) = 2*i**2 + 19*i - 49. Determine q(-11).
-16
Let k(i) = -38*i**3 + 4*i - 5. Give k(1).
-39
Let z(n) = 11*n**2 + 128*n - 43. Give z(-15).
512
Let h(i) = 14*i + 287. Give h(-20).
7
Let n(w) = -4*w**2 - 274*w + 1016. Determine n(-72).
8
Let y(c) = 84*c**2 + 181*c + 26. Determine y(-2).
0
Let w(n) = -6*n**3 - 27*n**2 - n + 43. Calculate w(-4).
-1
Let i(d) = -166*d + 447. What is i(3)?
-51
Let s(p) = -p**3 + 58*p**2 - 653*p + 2. Determine s(43).
-342
Let h(y) = -y**2 - 95*y + 597. Calculate h(6).
-9
Let w(b) = -4*b**2 + 542*b + 5823. What is w(-10)?
3
Let w(d) = d**3 + 2*d**2 - 2*d - 37. Calculate w(0).
-37
Let r(n) = -28*n - 125. Calculate r(-6).
43
Let y(m) = -123*m + 3801. What is y(29)?
234
Let r(z) = 25*z**2 - 8*z - 2. Give r(2).
82
Let g(j) = -16*j - 38. What is g(-14)?
186
Let k(s) = -100*s + 5328. Determine k(54).
-72
Let o(k) = -24*k**3 - 4*k**2 + 2*k + 6. Determine o(-1).
24
Let c(w) = -5*w**2 + 23*w - 50. Calculate c(2).
-24
Let z(r) = -r**2 - 33*r - 269. What is z(-15)?
1
Let b(q) = -q**3 - 57*q**2 - 146*q + 880. Calculate b(-54).
16
Let c(w) = 3*w**2 - 556*w + 3837. Determine c(7).
92
Let k(t) = 806*t + 4824. What is k(-6)?
-12
Let v(o) = 23*o**2 + 183*o + 273. Determine v(-6).
3
Let d(n) = 263*n + 1840. Give d(-7).
-1
Let o(f) = -18*f + 2559. Calculate o(143).
-15
Let w(d) = -d**3 - 5*d**2 + 88*d + 499. What is w(-6)?
7
Let f(z) = -2*z**2 + 3*z + 32. Calculate f(-3).
5
Let l(p) = 25*p**2 - 7*p - 4. What is l(-2)?
110
Let c(z) = -z**3 + 72*z**2 - 767*z - 44. Calculate c(59).
-44
Let t(v) = v**2 - 37*v + 27. Calculate t(0).
27
Let x(y) = 2*y**2 + 35*y - 108. Calculate x(-23).
145
Let r(f) = -6*f**3 + 21*f**2 - 3*f + 4. Give r(4).
-56
Let n(s) = -16*s - 455. What is n(-28)?
-7
Let k(s) = -2*s**2 + 8*s - 10. Calculate k(6).
-34
Let i(n) = -23*n + 1240. Give i(54).
-2
Let q(y) = 137*y**2 + 6710*y - 144. Give q(-49).
3
Let t(u) = -2*u**3 + 2*u**2 + 1104*u + 29. Give t(-23).
29
Let c(x) = -6*x**3 - 3*x**2 + 1800*x + 3598. Determine c(-2).
34
Let g(c) = -c**2 - 141*c - 4541. What is g(-47)?
-123
Let a(p) = 2*p + 34. Give a(-7).
20
Let m(x) = -34064*x - 136248. Calculate m(-4).
8
Let s(a) = -a**3 - 19*a**2 + 416*a. What is s(13)?
0
Let s(j) = 495*j - 468. Calculate s(1).
27
Let z(o) = -76*o + 2054. Calculate z(27).
2
Let k(p) = 148*p - 1325. Give k(9).
7
Let m(c) = -2*c**3 + 23*c**2 - 35*c + 44. Give m(10).
-6
Let v(r) = -r**3 - 5*r**2 - 5*r - 257. What is v(-8)?
-25
Let y(c) = c**3 - 51*c**2 - 82*c + 1558. Give y(52).
-2
Let k(g) = g**2 - 60*g + 50. Determine k(37).
-801
Let f(m) = 10*m - 322. What is f(33)?
8
Let y(k) = 7*k**2 + 42*k - 202. Give y(-9).
-13
Let b(p) = p**2 + 2634*p + 5264. Give b(-2).
0
Let z(v) = -v**2 - 46*v - 199. Give z(-5).
6
Let t(s) = 62*s - 267. What is t(3)?
-81
Let z(a) = -20*a - 100. What is z(4)?
-180
Let p(l) = l**3 + 22*l**2 + 32*l + 77. What is p(-20)?
237
Let t(h) = 573*h - 5747. What is t(10)?
-17
Let f(k) = -k**3 - 4*k**2 + 41*k + 15. What is f(5)?
-5
Let x(t) = t**3 + 6*t**2 - 36*t - 222. Give x(-5).
-17
Let p(s) = 229*s**2 + 1155*s + 43. What is p(-5)?
-7
Let n(l) = 14*l**3 - 2*l**2 - 25*l + 26. What is n(1)?
13
Let n(c) = 96*c + 1044. Determine n(-14).
-300
Let j(r) = 2*r**3 + 56*r**2 - 119*r + 37. Determine j(-30).
7
Let c(s) = 10*s**2 - 212*s + 826. Give c(4).
138
Let w(q) = -q**2 - 68*q + 637. Determine w(-75).
112
Let v(t) = -t**3 + 2*t**2 + 28*t + 17. Determine v(8).
-143
Let x(h) = h**3 - 27*h**2 + 4*h - 267. Determine x(27).
-159
Let m(h) = -2618*h + 112580. What is m(43)?
6
Let a(w) = -w**2 - 24*w - 66. Determine a(-19).
29
Let b(o) = 11*o + 25. Determine b(0).
25
Let x(u) = 249*u + 9152. Calculate x(-37).
-61
Let i(h) = h**2 - 41*h + 378. Calculate i(21).
-42
Let k(x) = 233*x + 1619. Calculate k(-7).
-12
Let x(k) = k**2 - 56*k + 712. Calculate x(37).
9
Let n(z) = 146*z + 5110. Give n(-35).
0
Let w(d) = 2*d**2 - 55*d - 308. Calculate w(31).
-91
Let b(p) = 66*p - 1012. Calculate b(25).
638
Let v(s) = 136*s - 1792. Calculate v(13).
-24
Let z(d) = -2*d**2 - 11*d + 17. Give z(0).
17
Let j(d) = -d**3 + 11*d**2 + 15*d - 72. Determine j(12).
-36
Let f(g) = g**3 - 10*g**2 + 10*g - 12. Calculate f(8).
-60
Let d(v) = -127*v**2 - 4*v + 9. What is d(0)?
9
Let y(q) = q**3 - 11*q**2 - 11*q + 212. Determine y(5).
7
Let k(x) = -1620*x - 8113. Determine k(-5).
-13
Let b(h) = -40*h + 5383. Calculate b(136).
-57
Let l(v) = 353*v + 4598. What is l(-13)?
9
Let x(i) = 52*i + 844. What is x(-10)?
324
Let y(z) = -109*z - 213. Give y(-2).
5
Let o(n) = -17*n + 20. Give o(-1).
37
Let t(c) = -913*c - 4530. Calculate t(-5).
35
Let y(g) = g**3 + 98*g**2 - 965*g - 152. Determine y(-107).
62
Let m(o) = -3*o**2 - 42*o + 250. Calculate m(5).
-35
Let t(v) = -v**2 - 101*v - 2120. Give t(-70).
50
Let w(i) = -2*i**2 - 24*i - 24. Calculate w(-12).
-24
Let z(f) = 94*f + 1878. Determine z(-20).
-2
Let m(o) = o**3 + o**2 - 18*o + 17. What is m(-5)?
7
Let n(j) = 174*j + 3208. Calculate n(-19).
-98
Let i(g) = -3*g**2 + 13*g + 133. Give i(9).
7
Let q(c) = 5*c**3 - 64*c**2 - 37*c + 322. Determine q(13).
10
Let t(o) = -17*o + 45. Determine t(-2).
79
Let y(p) = -p**3 + 2*p**2 - 14*p - 22. Calculate y(-3).
65
Let w(l) = -l**3 + 14*l**2 - 41*l + 13. Determine w(9).
49
Let w(h) = h**3 - 5*h**2 + 8*h - 246. Calculate w(10).
334
Let z(u) = 642*u - 26334. What is z(41)?
-12
Let q(u) = -3715*u + 44587. Give q(12).
7
Let m(o) = o**2 - 36*o - 1856. What is m(65)?
29
Let g(o) = -950*o - 14234. What is g(-15)?
16
Let w(l) = 3*l**3 + l**2 + 5*l + 25. Determine w(-3).
-62
Let k(p) = -117*p + 1156. Determine k(10).
-14
Let a(z) = -z**3 - 85*z**2 + 172*z - 117. Determine a(-87).
57
Let z(g) = g**3 + g**2 - 24*g + 4. Calculate z(3).
-32
Let z(y) = 353*y**2 - 320*y - 4. What is z(1)?
29
Let p(n) = -n**2 - 1047*n - 6208. Calculate p(-6).
38
Let p(m) = -1013*m + 5071. Calculate p(5).
6
Let q(g) = 88*g - 186. Give q(2).
-10
Let j(g) = -g**2 - 8*g - 5. Calculate j(6).
-89
Let g(m) = 67*m - 6. Calculate g(-1).
-73
Let j(f) = -f**3 + 13*f**2 - 43*f - 6. Give j(8).
-30
Let j(w) = 406*w + 290. Give j(-1).
-116
Let v(b) = -2*b**3 + 2*b**2 + 14*b - 14. What is v(6)?
-290
Let a(i) = -22*i + 87. What is a(3)?
21
Let m(b) = 96*b**2 + 1726*b - 40. Give m(-18).
-4
Let l(o) = -6*o**2 + 79*o - 247. What is l(6)?
11
Let w(f) = -f**2 + 23*f + 238. Give w(-9).
